?
False
Is 4357364941 prime?
False
Is 42900229 prime?
False
Is 136754567 a prime number?
True
Is 292580410339 a prime number?
False
Is 4873914043 a composite number?
True
Is 27893923769 a composite number?
True
Is 651646337 a prime number?
True
Is 2001689447 a composite number?
False
Is 789333113 a composite number?
True
Is 8151687673 prime?
True
Is 1752562753 a prime number?
False
Is 846263551 prime?
False
Is 3288433171 a composite number?
True
Is 35048784149 a prime number?
True
Is 1918045189 composite?
True
Is 449161969 prime?
False
Is 144513253 prime?
False
Is 917094169 composite?
False
Is 8698908467 a composite number?
False
Is 24321091703 a prime number?
True
Is 9406186787 a prime number?
True
Is 4368315499 a prime number?
True
Is 29933483681 a composite number?
False
Is 239388269 a composite number?
True
Is 159188489 a prime number?
True
Is 2509004009 composite?
False
Is 2441418797 composite?
False
Is 2563498169 a prime number?
True
Is 1307126131 a composite number?
False
Is 187680067 prime?
True
Is 4145422561 composite?
True
Is 4371551 prime?
True
Is 448614731 prime?
False
Is 88336744909 a composite number?
True
Is 5988017597 prime?
True
Is 956718377 a prime number?
False
Is 28123735727 prime?
True
Is 19548269 prime?
False
Is 17654077027 composite?
False
Is 5472786703 a composite number?
True
Is 11072946181 composite?
True
Is 42576889 a composite number?
True
Is 13181738827 a prime number?
False
Is 446391654757 prime?
True
Is 4702248709 composite?
True
Is 27738996517 prime?
True
Is 1889451901 a composite number?
True
Is 249808891 a prime number?
False
Is 4461143117 a prime number?
True
Is 3676849541 composite?
True
Is 3949250185 composite?
True
Is 1827809341 composite?
False
Is 2567693909 composite?
True
Is 2721629857 a composite number?
False
Is 20213533457 a prime number?
False
Is 6007781233 composite?
True
Is 128644621817 composite?
True
Is 79697295155 composite?
True
Is 1515716789 a composite number?
False
Is 132102977 composite?
True
Is 32453189585 prime?
False
Is 32000209 a prime number?
True
Is 212329174741 composite?
False
Is 27421068721 composite?
True
Is 3670409777 a prime number?
False
Is 423295619 a composite number?
False
Is 6105989 a composite number?
True
Is 2234974129 a composite number?
True
Is 786618967 a composite number?
True
Is 203966426423 prime?
True
Is 432667363 a composite number?
True
Is 40502760157 a composite number?
False
Is 1582751501 prime?
True
Is 10255667042 a prime number?
False
Is 5071645669 a composite number?
True
Is 445904978 a composite number?
True
Is 1150649639 a prime number?
False
Is 1943025599 composite?
False
Is 222356174 a composite number?
True
Is 740076599 prime?
False
Is 1717303387 a composite number?
True
Is 484177579 a composite number?
True
Is 157322341 prime?
False
Is 93083314151 a composite number?
True
Is 1096567 a composite number?
True
Is 4569398993 composite?
True
Is 4719166913 prime?
True
Is 21786968873 a composite number?
False
Is 9884583781 prime?
False
Is 29218717993 composite?
True
Is 1278739907 prime?
True
Is 1268875393 a composite number?
True
Is 2629496039 prime?
True
Is 32026421939 a prime number?
True
Is 615785483 prime?
True
Is 3147353141 a prime number?
True
Is 1136890877 a composite number?
True
Is 13025938189 a composite number?
True
Is 187464187 a composite number?
True
Is 748016239 a prime number?
True
Is 28537311029 a composite number?
False
Is 17906053823 composite?
True
Is 5575898891 a composite number?
False
Is 59607520327 a prime number?
True
Is 350916743 a prime number?
True
Is 5757227747 a prime number?
False
Is 204629443 prime?
False
Is 88249799 a composite number?
True
Is 1218627169 a composite number?
False
Is 52906561 composite?
True
Is 2897276318 composite?
True
Is 913381163 prime?
False
Is 232428203 prime?
False
Is 5460719093 composite?
False
Is 49534698823 composite?
True
Is 9260611 a composite number?
False
Is 12609558013 prime?
False
Is 212081 a composite number?
False
Is 1491556282 prime?
False
Is 20334803327 a prime number?
False
Is 31531226231 prime?
True
Is 1369578773 composite?
False
Is 2827280459 a composite number?
True
Is 72394331291 a prime number?
False
Is 200861399 a composite number?
True
Is 4498664743 prime?
False
Is 12331753661 a prime number?
True
Is 583508767 a prime number?
True
Is 4506106601 a composite number?
False
Is 99273210527 a prime number?
True
Is 35596275443 a composite number?
True
Is 22729558843 a composite number?
False
Is 380786231 prime?
False
Is 4791865409 composite?
True
Is 584384855 a prime number?
False
Is 43162582765 prime?
False
Is 4861498333 a prime number?
True
Is 220572227 prime?
True
Is 7687151989 a prime number?
False
Is 35839236721 a prime number?
False
Is 31256157643 prime?
True
Is 5210277389 a composite number?
False
Is 5851617767 a prime number?
False
Is 24228699391 a composite number?
True
Is 281901062577 prime?
False
Is 496931647 prime?
False
Is 1251240769 a prime number?
True
Is 2631276503 a prime number?
False
Is 33689737183 composite?
True
Is 4352159927 prime?
False
Is 248484032554 prime?
False
Is 4031723123 composite?
True
Is 31705494241 a composite number?
True
Is 9378079039 a composite number?
True
Is 9540501349 prime?
True
Is 453376783 composite?
False
Is 1330451153 a composite number?
True
Is 149488117 composite?
False
Is 4374463967 prime?
True
Is 85834750123 a prime number?
False
Is 531344887 prime?
True
Is 12696572183 a prime number?
True
Is 34930254943 a composite number?
True
Is 6449823871 a composite number?
True
Is 38631602663 a composite number?
False
Is 664615733 composite?
False
Is 6120151109 composite?
True
Is 130149023051 prime?
True
Is 35335538701 prime?
False
Is 58488043 composite?
False
Is 6093277867 a prime number?
True
Is 743529923 prime?
True
Is 5250961993 composite?
True
Is 7947538303 a composite number?
True
Is 714507953 a composite number?
False
Is 2595119867 composite?
False
Is 11698454587 a prime number?
False
Is 85187713 composite?
True
Is 924104774 prime?
False
Is 4369056689 a prime number?
True
Is 182179483 a prime number?
False
Is 36206735249 a composite number?
False
Is 328240007 composite?
False
Is 1838772673 a composite number?
False
Is 104799803 composite?
False
Is 10154443219 prime?
True
Is 366184319 composite?
False
Is 16363821973 a composite number?
True
Is 3674630851 prime?
False
Is 9561503921 prime?
True
Is 4595304687 composite?
True
Is 12695623823 prime?
True
Is 27026587631 a composite number?
False
Is 5865669697 prime?
True
Is 916052681 composite?
True
Is 6820303109 prime?
False
Is 160739875293 composite?
True
Is 87623928473 composite?
False
Is 2495217694 a prime number?
False
Is 81553695001 a prime number?
True
Is 15240304589 a composite number?
False
Is 9236808557 a prime number?
True
Is 2857940357 prime?
False
Is 31705024333 a prime number?
True
Is 4491550867 composite?
True
Is 200561099 a composite number?
False
Is 224609809 a composite number?
False
Is 29620082735 a composite number?
True
Is 64722001847 prime?
True
Is 2409817587 prime?
False
Is 47411404693 a prime number?
True
Is 27179446057 a prime number?
False
Is 19407178181 a composite number?
False
Is 525361147 a prime number?
False
Is 33341543 a composite number?
True
Is 296404915 a prime number?
False
Is 15131602081 composite?
False
Is 4664559629 a prime number?
False
Is 47384004977 prime?
True
Is 625860649 composite?
False
Is 754462817 composite?
False
Is 6173593133 prime?
False
Is 131379120485 a composite number?
True
Is 4517094473 composite?
False
Is 33028834145 a composite number?
True
Is 240880853 a prime number?
True
Is 20591374877 a prime number?
True
Is 19957035661 a prime number?
False
Is 34291090109 a composite number?
False
Is 1190526221 a composite number?
True
Is 1809815219 composite?
True
Is 40174838299 a composite number?
False
Is 26969893585 a prime number?
False
Is 5370766067 a composite number?
False
Is 88018067209 a composite number?
False
Is 479383913 prime?
True
Is 8375826439 a prime number?
True
Is 2905705303 prime?
False
Is 2337607465 prime?
False
Is 22702013351 a composite number?
True
Is 4800212806 a composite number?
True
Is 8731841947 composite?
True
Is 10779907897 a composite number?
True
Is 2000664847 composite?
True
Is 5946932837 composite?
True
Is 124447399 